{"id":52,"date":"2019-01-12T21:43:09","date_gmt":"2019-01-13T04:43:09","guid":{"rendered":"https:\/\/sites.psych.ualberta.ca\/kylemathewson\/?page_id=52"},"modified":"2019-01-13T21:31:25","modified_gmt":"2019-01-14T04:31:25","slug":"press","status":"publish","type":"page","link":"https:\/\/sites.psych.ualberta.ca\/kylemathewson\/press\/","title":{"rendered":"Press"},"content":{"rendered":"\n<ul class=\"wp-block-list\"><li><a href=\"https:\/\/www.ualberta.ca\/science\/science-news\/2016\/december\/the-time-and-place-for-your-attention\" target=\"_blank\" rel=\"noreferrer noopener\"><strong>The time and place for your attention \u2013 Katie Willis<\/strong>&nbsp;<\/a>(12\/5\/2016)<\/li><li><strong><a href=\"https:\/\/www.newscientist.com\/article\/mg22730333-200-software-checks-if-your-brain-is-busy-before-it-interrupts-you\/\" target=\"_blank\" rel=\"noreferrer noopener\">Software checks if your brain is busy before it interrupts you interview with Aviva Rutkin<\/a><\/strong>&nbsp;(8\/8\/2015)<\/li><li><strong><a href=\"http:\/\/sourcebits.com\/app-development-design-blog\/article\/kyle-mathewson-human-brain-new-interfaces-for-wearables\/\" target=\"_blank\" rel=\"noreferrer noopener\">New Interfaces for the Human Body. The future of wearables podcast episode with Heather Vescent<\/a><\/strong>&nbsp;(06\/2015)<\/li><li><strong><a href=\"http:\/\/www.bbc.co.uk\/programmes\/p002vsyw\" target=\"_blank\" rel=\"noreferrer noopener\">Driving Distraction \u2013 BBC World Service Radio, Health Check with Claudia Hammond<\/a><\/strong>&nbsp;(11\/26\/2014)<\/li><li><strong><a href=\"http:\/\/consumer.healthday.com\/general-health-information-16\/injury-health-news-413\/talking-to-friend-while-driving-it-s-safer-when-they-see-the-road-too-693000.html\" target=\"_blank\" rel=\"noreferrer noopener\">Talking to friend while driving? May be safer when they see the road, too.<\/a><\/strong>&nbsp;(11\/13\/2014)<\/li><li><strong><a href=\"https:\/\/www.youtube.com\/watch?v=hRx-wNdvKRM\" target=\"_blank\" rel=\"noreferrer noopener\">Distracted Driving \u2013 BBC World News TV, IMPACT with Yalda Hakim<\/a><\/strong>&nbsp;(10\/15\/2014)<\/li><li><strong><a href=\"http:\/\/www.cbc.ca\/radioactive\/\" target=\"_blank\" rel=\"noreferrer noopener\">Distracted Driving \u2013 CBC Radio One Edmonton, Radio Active with Portia Clark<\/a><\/strong>&nbsp;(10\/9\/2014)<\/li><li><strong><a href=\"http:\/\/science.ualberta.ca\/science-news\/2014\/october\/video-phone-could-help-curb-distracted-driving\" target=\"_blank\" rel=\"noreferrer noopener\">Video phone could help curb distracted driving<\/a><\/strong>&nbsp;(10\/8\/2014)<\/li><li><strong><a href=\"http:\/\/news.illinois.edu\/news\/14\/1008cellphonetalk_Kramer.html\" target=\"_blank\" rel=\"noreferrer noopener\">Study: Talking while driving safest with someone who can see what you see.<\/a><\/strong>&nbsp;(10\/8\/2014)<\/li><li><strong><a href=\"http:\/\/beckman.illinois.edu\/news\/2014\/04\/brain-waves-improve-vision\" target=\"_blank\" rel=\"noreferrer noopener\">Controlling brain waves to improve vision<\/a><\/strong>&nbsp;(4\/23\/2014)<\/li><li><strong><a href=\"http:\/\/www.popsci.com\/article\/technology\/stick-monitoring-patch-moves-and-stretches-skin\" target=\"_blank\" rel=\"noreferrer noopener\">Popular Science \u2013 Stick-on monitoring patch moves and stretches with skin<\/a><\/strong>&nbsp;(4\/10\/2014)<\/li><li><strong><a href=\"http:\/\/abonnes.lemonde.fr\/sciences\/infographie\/2014\/04\/07\/des-capteurs-electroniques-etirables-qui-collent-a-la-peau_4396791_1650684.html\" target=\"_blank\" rel=\"noreferrer noopener\">Le Monde \u2013 Des capteurs \u00e9lectroniques \u00e9tirables qui collent\u00e0la peau.<\/a><\/strong>&nbsp;(4\/9\/2014)<\/li><li><strong><a href=\"http:\/\/www.cbsnews.com\/news\/tiny-biosensor-shows-big-promise\/\" target=\"_blank\" rel=\"noreferrer noopener\">CBS News \u2013 Tiny biosensor patches worn on skin show big promise<\/a><\/strong>&nbsp;(4\/4\/2014)<\/li><li><strong><a href=\"http:\/\/www.technologyreview.com\/view\/526146\/a-way-to-make-stretchable-medical-electronics-practical\/\" target=\"_blank\" rel=\"noreferrer noopener\">MIT Technology Review \u2013 Making stretchable medical electronics practical<\/a><\/strong>&nbsp;(4\/3\/2014)<\/li><li><strong><a href=\"http:\/\/news.illinois.edu\/news\/14\/0403microfluidics_JohnRogers.html\" target=\"_blank\" rel=\"noreferrer noopener\">Off the shelf, on the skin: Stick-on electronic patches for health monitoring.<\/a><\/strong>&nbsp;(4\/3\/2014)<\/li><li><strong><a href=\"http:\/\/beckman.illinois.edu\/news\/2013\/10\/brain-waves\" target=\"_blank\" rel=\"noreferrer noopener\">Brain waves reveal video game aptitude<\/a><\/strong>&nbsp;(10\/15\/2013)<\/li><li><strong><a href=\"http:\/\/issuu.com\/quint\/docs\/quint_magazine_issue18\/97\" target=\"_blank\" rel=\"noreferrer noopener\">Mind Geek<\/a><\/strong>&nbsp;(3\/1\/2013)<\/li><li><strong><a href=\"http:\/\/www.readtechnograph.com\/articles\/view\/researchers_study_learning_through_patent_race_game\" target=\"_blank\" rel=\"noreferrer noopener\">Researchers study learning through patent race game<\/a><\/strong>&nbsp;(11\/29\/2012)<\/li><li><strong><a href=\"http:\/\/www.readtechnograph.com\/articles\/view\/why_video_games_can_predict_how_well_quickly_you_will_learn\" target=\"_blank\" rel=\"noreferrer noopener\">Why video games can predict how well, quickly you will learn<\/a><\/strong>&nbsp;(11\/27\/2012)<\/li><li><strong><a href=\"http:\/\/killscreendaily.com\/articles\/news\/scientists-have-discovered-how-tell-if-youre-good-videogames\/\" target=\"_blank\" rel=\"noreferrer noopener\">Scientists have discovered the biological basis for being awesome at videogames<\/a><\/strong>&nbsp;(11\/27\/2012)<\/li><li><strong><a href=\"http:\/\/news.illinois.edu\/news\/12\/1024brain_waves_KyleMathewson.html\" target=\"_blank\" rel=\"noreferrer noopener\">Brain waves reveal video game aptitude<\/a><\/strong>&nbsp;(10\/24\/2012)<\/li><li><strong><a href=\"http:\/\/www.beckman.illinois.edu\/news\/entrainementpart2\" target=\"_blank\" rel=\"noreferrer noopener\">The Beat goes on in the brain<\/a><\/strong>&nbsp;(8\/28\/2012)<\/li><li><strong><a href=\"http:\/\/www.haas.berkeley.edu\/news\/20120424MingHsuResearch.html\" target=\"_blank\" rel=\"noreferrer noopener\">Neuroeconomics: Studying brain responses gives marketers increased ability to predict how people make decisions<\/a><\/strong>&nbsp;(4\/24\/2012)<\/li><li><strong><a href=\"http:\/\/www.news.ualberta.ca\/article.aspx?id=623518D6390D45BE827475B43EE9FEC0\" target=\"_blank\" rel=\"noreferrer noopener\">This is your brain on games<\/a><\/strong>&nbsp;(2\/8\/2012)<\/li><li><strong><a href=\"http:\/\/news.illinois.edu\/news\/12\/0206brainKyleMathewson_MingHsu.html\" target=\"_blank\" rel=\"noreferrer noopener\">It\u2019s not solitaire: Brain activity differs when one plays against others<\/a><\/strong>&nbsp;(2\/6\/2012)<\/li><li><strong><a href=\"http:\/\/www.futurity.org\/science-technology\/to-see-illusion-imagine-%E2%80%98duck-eats-rabbit%E2%80%99\/\" target=\"_blank\" rel=\"noreferrer noopener\">To see the illusion, imagine \u2018duck eats rabbit\u2019<\/a><\/strong>&nbsp;(10\/14\/2011)<\/li><li><strong><a href=\"http:\/\/www.beckman.illinois.edu\/synergy\/FellowscornerMathewson\" target=\"_blank\" rel=\"noreferrer noopener\">Beckman Synergy: Fellows Corner<\/a><\/strong>&nbsp;(9\/27\/2011)<\/li><li><strong><a href=\"http:\/\/futurity.org\/science-technology\/seeing-the-world-in-waves-of-consciousness\/\">Seeing the world in waves of consciousness<\/a><\/strong>&nbsp;(2\/5\/2010)<\/li><li><strong><a href=\"http:\/\/www.beckman.illinois.edu\/news\/Entrainment020210\">Visual World Comes in Waves of Consciousness<\/a><\/strong>&nbsp;(2\/2\/2010)<\/li><li><strong><a href=\"http:\/\/www.beckman.illinois.edu\/news\/VisualAwareness030409\">Beckman Researchers Discover New Mechanism Involved in Visual Awareness<\/a><\/strong>&nbsp;(3\/25\/2009)<\/li><li><strong><a href=\"http:\/\/ring.uvic.ca\/07jun07\/mathewson.html\">Top Undergraduate Contributes to Brain Research<\/a>&nbsp;<\/strong>(6\/01\/2007)<\/li><\/ul>\n","protected":false},"excerpt":{"rendered":"<p>The time and place for your attention \u2013 Katie Willis&nbsp;(12\/5\/2016) Software checks if your brain is busy before it interrupts you interview with Aviva Rutkin&nbsp;(8\/8\/2015) New Interfaces for the Human Body. The future of wearables podcast episode with Heather Vescent&nbsp;(06\/2015) Driving Distraction \u2013 BBC World Service Radio, Health Check with Claudia Hammond&nbsp;(11\/26\/2014) Talking to friend &hellip; <\/p>\n<p class=\"link-more\"><a href=\"https:\/\/sites.psych.ualberta.ca\/kylemathewson\/press\/\" class=\"more-link\">Continue reading<span class=\"screen-reader-text\"> &#8220;Press&#8221;<\/span><\/a><\/p>\n","protected":false},"author":2,"featured_media":97,"parent":0,"menu_order":0,"comment_status":"closed","ping_status":"closed","template":"","meta":{"footnotes":""},"class_list":["post-52","page","type-page","status-publish","has-post-thumbnail","hentry"],"_links":{"self":[{"href":"https:\/\/sites.psych.ualberta.ca\/kylemathewson\/wp-json\/wp\/v2\/pages\/52","targetHints":{"allow":["GET"]}}],"collection":[{"href":"https:\/\/sites.psych.ualberta.ca\/kylemathewson\/wp-json\/wp\/v2\/pages"}],"about":[{"href":"https:\/\/sites.psych.ualberta.ca\/kylemathewson\/wp-json\/wp\/v2\/types\/page"}],"author":[{"embeddable":true,"href":"https:\/\/sites.psych.ualberta.ca\/kylemathewson\/wp-json\/wp\/v2\/users\/2"}],"replies":[{"embeddable":true,"href":"https:\/\/sites.psych.ualberta.ca\/kylemathewson\/wp-json\/wp\/v2\/comments?post=52"}],"version-history":[{"count":3,"href":"https:\/\/sites.psych.ualberta.ca\/kylemathewson\/wp-json\/wp\/v2\/pages\/52\/revisions"}],"predecessor-version":[{"id":89,"href":"https:\/\/sites.psych.ualberta.ca\/kylemathewson\/wp-json\/wp\/v2\/pages\/52\/revisions\/89"}],"wp:featuredmedia":[{"embeddable":true,"href":"https:\/\/sites.psych.ualberta.ca\/kylemathewson\/wp-json\/wp\/v2\/media\/97"}],"wp:attachment":[{"href":"https:\/\/sites.psych.ualberta.ca\/kylemathewson\/wp-json\/wp\/v2\/media?parent=52"}],"curies":[{"name":"wp","href":"https:\/\/api.w.org\/{rel}","templated":true}]}}